d 4690.
70
What is the greatest common factor of 2010 and 90?
30
Calculate the highest common factor of 53 and 7367.
53
What is the greatest common factor of 696 and 12?
12
What is the greatest common divisor of 40 and 12?
4
Calculate the greatest common factor of 1785 and 20.
5
What is the greatest common factor of 184 and 1196?
92
What is the greatest common factor of 116 and 16?
4
What is the highest common factor of 36 and 117?
9
What is the highest common divisor of 513 and 7866?
171
Calculate the greatest common divisor of 10 and 3650.
10
Calculate the greatest common divisor of 3100 and 25.
25
What is the highest common divisor of 800 and 192?
32
Calculate the highest common divisor of 60 and 940.
20
What is the highest common factor of 57 and 2337?
57
Calculate the greatest common factor of 792 and 4884.
132
Calculate the greatest common divisor of 60 and 30.
30
What is the highest common divisor of 54 and 81?
27
What is the greatest common divisor of 32 and 5456?
16
Calculate the highest common divisor of 5810 and 83.
83
Calculate the greatest common divisor of 160 and 25.
5
Calculate the highest common divisor of 355 and 1846.
71
Calculate the greatest common divisor of 480 and 48.
48
Calculate the greatest common divisor of 183 and 9.
3
What is the highest common divisor of 13 and 325?
13
Calculate the highest common factor of 19 and 57.
19
Calculate the greatest common factor of 625 and 750.
125
What is the greatest common divisor of 12 and 366?
6
What is the highest common factor of 3186 and 54?
54
Calculate the greatest common divisor of 45 and 1905.
15
Calculate the highest common divisor of 1612 and 13.
13
Calculate the highest common factor of 9079 and 14.
7
Calculate the greatest common factor of 35 and 147.
7
What is the greatest common divisor of 196 and 32?
4
What is the greatest common divisor of 12 and 12?
12
Calculate the greatest common factor of 212 and 68.
4
What is the greatest common factor of 342 and 288?
18
Calculate the highest common divisor of 35 and 189.
7
What is the greatest common divisor of 144 and 792?
72
What is the highest common factor of 744 and 2852?
124
What is the highest common factor of 1881 and 792?
99
Calculate the highest common factor of 85 and 629.
17
Calculate the greatest common divisor of 16 and 184.
8
What is the greatest common factor of 98 and 1666?
98
What is the highest common factor of 356 and 801?
89
Calculate the highest common divisor of 3584 and 32.
32
What is the highest common factor of 1288 and 252?
28
Calculate the greatest common divisor of 660 and 250.
10
What is the highest common factor of 49 and 378?
7
What is the greatest common divisor of 10 and 215?
5
What is the highest common divisor of 190 and 38?
38
Calculate the highest common factor of 33 and 1056.
33
Calculate the highest common factor of 77 and 979.
11
Calculate the highest common divisor of 621 and 23.
23
Calculate the greatest common factor of 27714 and 149.
149
Calculate the greatest common factor of 798 and 247.
19
What is the highest common factor of 102 and 884?
34
Calculate the greatest common factor of 14661 and 362.
181
Calculate the greatest common factor of 645 and 9.
3
What is the greatest common factor of 12 and 411?
3
Calculate the highest common divisor of 2708 and 4.
4
Calculate the greatest common divisor of 30 and 4090.
10
What is the highest common factor of 315 and 1953?
63
What is the greatest common divisor of 26 and 8021?
13
Calculate the greatest common divisor of 51 and 17.
17
Calculate the highest common factor of 45 and 261.
9
Calculate the greatest common factor of 243 and 1026.
27
What is the greatest common factor of 536 and 88?
8
Calculate the greatest common factor of 25 and 10.
5
What is the highest common factor of 330 and 390?
30
Calculate the highest common factor of 6 and 282.
6
What is the greatest common divisor of 165 and 60?
15
What is the greatest common factor of 360 and 1720?
40
What is the greatest common divisor of 405 and 105?
15
Calculate the highest common factor of 456 and 57.
57
What is the greatest common divisor of 2652 and 102?
102
Calculate the greatest common factor of 40469 and 566.
283
What is the greatest common divisor of 385 and 3311?
77
What is the greatest common divisor of 24 and 10096?
8
What is the greatest common divisor of 54 and 6561?
27
What is the greatest common divisor of 239 and 42781?
239
What is the highest common factor of 70 and 4914?
14
What is the greatest common factor of 288 and 2232?
72
What is the highest common divisor of 342 and 76?
38
Calculate the greatest common factor of 28 and 518.
14
Calculate the highest common divisor of 273 and 78.
39
Calculate the greatest common divisor of 150 and 9600.
150
What is the highest common divisor of 2016 and 64?
32
Calculate the greatest common divisor of 35 and 45.
5
Calculate the greatest common divisor of 6666 and 99.
33
Calculate the highest common divisor of 196 and 28.
28
What is the greatest common divisor of 8064 and 144?
144
Calculate the highest common divisor of 190 and 114.
38
What is the greatest common divisor of 38 and 5111?
19
What is the highest common divisor of 22913 and 22?
11
What is the greatest common divisor of 252 and 588?
84
What is the greatest common factor of 280 and 35?
35
What is the highest common divisor of 315 and 585?
45
Calculate the greatest common factor of 1484 and 56.
28
What is the highest common factor of 1518 and 33?
33
What is the greatest common factor of 70 and 105?
35
What is the highest common factor of 54 and 426?
6
What is the highest common divisor of 55 and 143?
11
Calculate the highest common divisor of 124 and 558.
62
What is the greatest common factor of 288 and 80?
16
What is the highest common factor of 180 and 18?
18
What is the greatest common divisor of 130 and 65?
65
What is the highest common factor of 961 and 93?
31
What is the greatest common divisor of 20 and 47860?
20
Calculate the highest common factor of 155 and 9145.
155
What is the greatest common factor of 8531 and 19?
19
What is the greatest common factor of 4183 and 89?
89
Calculate the greatest common factor of 70 and 266.
14
What is the greatest common divisor of 24 and 168?
24
What is the greatest common divisor of 34 and 7871?
17
What is the highest common factor of 1452 and 1188?
132
What is the highest common factor of 3565 and 805?
115
What is the greatest common divisor of 108 and 3444?
12
Calculate the greatest common factor of 24 and 138.
6
Calculate the greatest common divisor of 416 and 32.
32
What is the highest common factor of 416 and 96?
32
Calculate the greatest common factor of 4202 and 22.
22
Calculate the highest common factor of 638 and 11.
11
What is the highest common factor of 418 and 2318?
38
What is the greatest common divisor of 1768 and 104?
104
What is the greatest common divisor of 41 and 5?
1
What is the highest common divisor of 20 and 460?
20
What is the highest common divisor of 4 and 19652?
4
Calculate the highest common factor of 860 and 80.
20
What is the highest common divisor of 1561 and 7?
7
Calculate the highest common factor of 4 and 36.
4
Calculate the greatest common factor of 602 and 86.
86
Calculate the greatest common factor of 49 and 28.
7
Calculate the highest common factor of 13716 and 108.
108
What is the highest common divisor of 131 and 6157?
131
What is the highest common divisor of 5024 and 32?
32
What is the highest common factor of 6264 and 58?
58
Calculate the highest common divisor of 1944 and 360.
72
Calculate the highest common divisor of 16 and 1082.
2
Calculate the greatest common factor of 24 and 18.
6
What is the highest common divisor of 1064 and 336?
56
What is the highest common factor of 180 and 27?
9
Calculate the greatest common factor of 3075 and 150.
75
What is the greatest common factor of 171 and 38?
19
Calculate the greatest common divisor of 52 and 208.
52
Calculate the highest common divisor of 30 and 65.
5
What is the highest common divisor of 31 and 217?
31
Calculate the highest common factor of 156 and 112.
4
Calculate the greatest common divisor of 1085 and 70.
35
What is the greatest common factor of 230 and 92?
46
What is the greatest common factor of 957 and 87?
87
What is t